{"id":31550,"date":"2024-12-27T23:53:10","date_gmt":"2024-12-28T03:53:10","guid":{"rendered":"https:\/\/jardininfantilonline.cl\/?post_type=product&#038;p=31550"},"modified":"2026-02-06T22:54:24","modified_gmt":"2026-02-07T02:54:24","slug":"matricula-2025","status":"publish","type":"product","link":"https:\/\/jardininfantilonline.cl\/index.php\/product\/matricula-2025\/","title":{"rendered":"Matr\u00edcula 2026"},"content":{"rendered":"<p>Jard\u00edn Infantil Online ofrece un programa preescolar amplio, con 6 a\u00f1os de experiencia y m\u00e1s de 300 familias.<\/p>\n<p>Curr\u00edculum Pedag\u00f3gico \u201cJard\u00cdn Infantil Online\u00bb<\/p>\n<ul>\n<li>Video clases en Vivo y actividades de lunes a viernes v\u00eda videollamada<\/li>\n<li>Diagn\u00f3sticos, entrevistas y evaluaciones con educadora<\/li>\n<li>Reuniones de Apoderados<\/li>\n<li>Junta Presencial a fin de A\u00f1o<\/li>\n<li>Experiencias de Bienestar y Aprendizaje diarias de Lunes a Viernes enmarcadas en el Programa Curricular<\/li>\n<\/ul>\n","protected":false},"excerpt":{"rendered":"<p>Por favor Seleccione horario en el que desea matricular, recuerde que esta sujeto a cupos l\u00edmitados.<\/p>\n<p>Para pago internacional pague con <a href=\"https:\/\/jardininfantilonline.cl\/index.php\/matricula-2022-pago-internacional\/\">Paypal aqu\u00ed<\/a><\/p>\n","protected":false},"featured_media":32676,"comment_status":"open","ping_status":"closed","template":"","meta":[],"product_brand":[],"product_cat":[83],"product_tag":[],"class_list":{"0":"post-31550","1":"product","2":"type-product","3":"status-publish","4":"has-post-thumbnail","6":"product_cat-matricula","8":"first","9":"instock","10":"taxable","11":"shipping-taxable","12":"purchasable","13":"product-type-simple"},"_links":{"self":[{"href":"https:\/\/jardininfantilonline.cl\/index.php\/wp-json\/wp\/v2\/product\/31550","targetHints":{"allow":["GET"]}}],"collection":[{"href":"https:\/\/jardininfantilonline.cl\/index.php\/wp-json\/wp\/v2\/product"}],"about":[{"href":"https:\/\/jardininfantilonline.cl\/index.php\/wp-json\/wp\/v2\/types\/product"}],"replies":[{"embeddable":true,"href":"https:\/\/jardininfantilonline.cl\/index.php\/wp-json\/wp\/v2\/comments?post=31550"}],"wp:featuredmedia":[{"embeddable":true,"href":"https:\/\/jardininfantilonline.cl\/index.php\/wp-json\/wp\/v2\/media\/32676"}],"wp:attachment":[{"href":"https:\/\/jardininfantilonline.cl\/index.php\/wp-json\/wp\/v2\/media?parent=31550"}],"wp:term":[{"taxonomy":"product_brand","embeddable":true,"href":"https:\/\/jardininfantilonline.cl\/index.php\/wp-json\/wp\/v2\/product_brand?post=31550"},{"taxonomy":"product_cat","embeddable":true,"href":"https:\/\/jardininfantilonline.cl\/index.php\/wp-json\/wp\/v2\/product_cat?post=31550"},{"taxonomy":"product_tag","embeddable":true,"href":"https:\/\/jardininfantilonline.cl\/index.php\/wp-json\/wp\/v2\/product_tag?post=31550"}],"curies":[{"name":"wp","href":"https:\/\/api.w.org\/{rel}","templated":true}]}}