{"id":8926,"date":"2020-08-05T12:41:27","date_gmt":"2020-08-05T16:41:27","guid":{"rendered":"https:\/\/jardininfantilonline.cl\/?page_id=8926"},"modified":"2023-02-05T00:58:03","modified_gmt":"2023-02-05T04:58:03","slug":"formulario-clase-gratis","status":"publish","type":"page","link":"https:\/\/jardininfantilonline.cl\/index.php\/formulario-clase-gratis\/","title":{"rendered":"Solicite Clase Gratis"},"content":{"rendered":"\t\t<div data-elementor-type=\"wp-page\" data-elementor-id=\"8926\" class=\"elementor elementor-8926\" data-elementor-post-type=\"page\">\n\t\t\t\t\t\t<section class=\"elementor-section elementor-top-section elementor-element elementor-element-649fb9ab elementor-section-stretched elementor-section-boxed elementor-section-height-default elementor-section-height-default\" data-id=\"649fb9ab\" data-element_type=\"section\" data-settings=\"{&quot;stretch_section&quot;:&quot;section-stretched&quot;}\">\n\t\t\t\t\t\t<div class=\"elementor-container elementor-column-gap-default\">\n\t\t\t\t\t<div class=\"elementor-column elementor-col-100 elementor-top-column elementor-element elementor-element-226de7ea\" data-id=\"226de7ea\" data-element_type=\"column\">\n\t\t\t<div class=\"elementor-widget-wrap elementor-element-populated\">\n\t\t\t\t\t\t<div class=\"elementor-element elementor-element-175d485e elementor-widget elementor-widget-text-editor\" data-id=\"175d485e\" data-element_type=\"widget\" data-widget_type=\"text-editor.default\">\n\t\t\t\t<div class=\"elementor-widget-container\">\n\t\t\t\t\t\t\t\t\t\t\t\t\t<\/div>\n\t\t\t\t<\/div>\n\t\t\t\t\t<\/div>\n\t\t<\/div>\n\t\t\t\t\t<\/div>\n\t\t<\/section>\n\t\t\t\t<section class=\"elementor-section elementor-top-section elementor-element elementor-element-29cd052 elementor-section-stretched elementor-section-boxed elementor-section-height-default elementor-section-height-default\" data-id=\"29cd052\" data-element_type=\"section\" data-settings=\"{&quot;stretch_section&quot;:&quot;section-stretched&quot;}\">\n\t\t\t\t\t\t<div class=\"elementor-container elementor-column-gap-default\">\n\t\t\t\t\t<div class=\"elementor-column elementor-col-100 elementor-top-column elementor-element elementor-element-92e3ce3\" data-id=\"92e3ce3\" data-element_type=\"column\">\n\t\t\t<div class=\"elementor-widget-wrap elementor-element-populated\">\n\t\t\t\t\t\t<div class=\"elementor-element elementor-element-0158a2c elementor-widget elementor-widget-spacer\" data-id=\"0158a2c\" data-element_type=\"widget\" data-widget_type=\"spacer.default\">\n\t\t\t\t<div class=\"elementor-widget-container\">\n\t\t\t\t\t<div class=\"elementor-spacer\">\n\t\t\t<div class=\"elementor-spacer-inner\"><\/div>\n\t\t<\/div>\n\t\t\t\t<\/div>\n\t\t\t\t<\/div>\n\t\t\t\t<section class=\"elementor-section elementor-inner-section elementor-element elementor-element-efbbeea elementor-section-boxed elementor-section-height-default elementor-section-height-default\" data-id=\"efbbeea\" data-element_type=\"section\">\n\t\t\t\t\t\t<div class=\"elementor-container elementor-column-gap-default\">\n\t\t\t\t\t<div class=\"elementor-column elementor-col-50 elementor-inner-column elementor-element elementor-element-f16c651\" data-id=\"f16c651\" data-element_type=\"column\">\n\t\t\t<div class=\"elementor-widget-wrap elementor-element-populated\">\n\t\t\t\t\t\t<div class=\"elementor-element elementor-element-663027f elementor-widget elementor-widget-text-editor\" data-id=\"663027f\" data-element_type=\"widget\" data-widget_type=\"text-editor.default\">\n\t\t\t\t<div class=\"elementor-widget-container\">\n\t\t\t\t\t\t\t<p>Seleccione fecha de su preferencia para agendar su clase gratis:<\/p><p>[booked-calendar calendar=176]<\/p><p>\u00a0<\/p><p>Para participar de nuestra Semana de Talleres gratuitos del Lunes 20 al Viernes 24 de Febrero selecciona los d\u00edas que desees participar.<br \/>Lunes 20: Experimento cient\u00edfico<br \/>Martes 21: Arte y Reciclaje<br \/>Mi\u00e9rcoles 22: Expresi\u00f3n Corporal<br \/>Jueves: Cuenta Cuentos<br \/>Viernes: Cocina Divertida!!<br \/><br \/>Te esperamos!<\/p>\t\t\t\t\t\t<\/div>\n\t\t\t\t<\/div>\n\t\t\t\t\t<\/div>\n\t\t<\/div>\n\t\t\t\t<div class=\"elementor-column elementor-col-50 elementor-inner-column elementor-element elementor-element-6d0e32e\" data-id=\"6d0e32e\" data-element_type=\"column\">\n\t\t\t<div class=\"elementor-widget-wrap elementor-element-populated\">\n\t\t\t\t\t\t<div class=\"elementor-element elementor-element-7b03a17 elementor-widget elementor-widget-image\" data-id=\"7b03a17\" data-element_type=\"widget\" data-widget_type=\"image.default\">\n\t\t\t\t<div class=\"elementor-widget-container\">\n\t\t\t\t\t\t\t\t\t\t\t\t\t<img fetchpriority=\"high\" decoding=\"async\" width=\"576\" height=\"1024\" src=\"https:\/\/jardininfantilonline.cl\/wp-content\/uploads\/2023\/01\/jio-summer-gratis-576x1024.png\" class=\"attachment-large size-large wp-image-26895\" alt=\"\" srcset=\"https:\/\/jardininfantilonline.cl\/wp-content\/uploads\/2023\/01\/jio-summer-gratis-576x1024.png 576w, https:\/\/jardininfantilonline.cl\/wp-content\/uploads\/2023\/01\/jio-summer-gratis-600x1067.png 600w, https:\/\/jardininfantilonline.cl\/wp-content\/uploads\/2023\/01\/jio-summer-gratis-169x300.png 169w, https:\/\/jardininfantilonline.cl\/wp-content\/uploads\/2023\/01\/jio-summer-gratis-768x1365.png 768w, https:\/\/jardininfantilonline.cl\/wp-content\/uploads\/2023\/01\/jio-summer-gratis-864x1536.png 864w, https:\/\/jardininfantilonline.cl\/wp-content\/uploads\/2023\/01\/jio-summer-gratis.png 1080w\" sizes=\"(max-width: 576px) 100vw, 576px\" \/>\t\t\t\t\t\t\t\t\t\t\t\t\t<\/div>\n\t\t\t\t<\/div>\n\t\t\t\t\t<\/div>\n\t\t<\/div>\n\t\t\t\t\t<\/div>\n\t\t<\/section>\n\t\t\t\t\t<\/div>\n\t\t<\/div>\n\t\t\t\t\t<\/div>\n\t\t<\/section>\n\t\t\t\t<\/div>\n\t\t","protected":false},"excerpt":{"rendered":"<p>Seleccione fecha de su preferencia para agendar su clase gratis: [booked-calendar calendar=176] Para participar de nuestra Semana de Talleres gratuitos del Lunes 20 al Viernes 24 de Febrero selecciona los d\u00edas que desees participar. Lunes 20: Experimento cient\u00edfico Martes 21: Arte y Reciclaje Mi\u00e9rcoles 22: Expresi\u00f3n Corporal Jueves: Cuenta Cuentos Viernes: Cocina Divertida!! Te esperamos!<\/p>\n","protected":false},"author":1,"featured_media":0,"parent":0,"menu_order":0,"comment_status":"closed","ping_status":"closed","template":"elementor_canvas","meta":{"footnotes":""},"class_list":["post-8926","page","type-page","status-publish","hentry"],"_links":{"self":[{"href":"https:\/\/jardininfantilonline.cl\/index.php\/wp-json\/wp\/v2\/pages\/8926","targetHints":{"allow":["GET"]}}],"collection":[{"href":"https:\/\/jardininfantilonline.cl\/index.php\/wp-json\/wp\/v2\/pages"}],"about":[{"href":"https:\/\/jardininfantilonline.cl\/index.php\/wp-json\/wp\/v2\/types\/page"}],"author":[{"embeddable":true,"href":"https:\/\/jardininfantilonline.cl\/index.php\/wp-json\/wp\/v2\/users\/1"}],"replies":[{"embeddable":true,"href":"https:\/\/jardininfantilonline.cl\/index.php\/wp-json\/wp\/v2\/comments?post=8926"}],"version-history":[{"count":49,"href":"https:\/\/jardininfantilonline.cl\/index.php\/wp-json\/wp\/v2\/pages\/8926\/revisions"}],"predecessor-version":[{"id":27069,"href":"https:\/\/jardininfantilonline.cl\/index.php\/wp-json\/wp\/v2\/pages\/8926\/revisions\/27069"}],"wp:attachment":[{"href":"https:\/\/jardininfantilonline.cl\/index.php\/wp-json\/wp\/v2\/media?parent=8926"}],"curies":[{"name":"wp","href":"https:\/\/api.w.org\/{rel}","templated":true}]}}

<div data-elementor-type="wp-page" data-elementor-id="8926" class="elementor elementor-8926" data-elementor-post-type="page">
						<section class="elementor-section elementor-top-section elementor-element elementor-element-649fb9ab elementor-section-stretched elementor-section-boxed elementor-section-height-default elementor-section-height-default" data-id="649fb9ab" data-element_type="section" data-settings="{&quot;stretch_section&quot;:&quot;section-stretched&quot;}">
						<div class="elementor-container elementor-column-gap-default">
					<div class="elementor-column elementor-col-100 elementor-top-column elementor-element elementor-element-226de7ea" data-id="226de7ea" data-element_type="column">
			<div class="elementor-widget-wrap elementor-element-populated">
						<div class="elementor-element elementor-element-175d485e elementor-widget elementor-widget-text-editor" data-id="175d485e" data-element_type="widget" data-widget_type="text-editor.default">
				<div class="elementor-widget-container">
													</div>
				</div>
					</div>
		</div>
					</div>
		</section>
				<section class="elementor-section elementor-top-section elementor-element elementor-element-29cd052 elementor-section-stretched elementor-section-boxed elementor-section-height-default elementor-section-height-default" data-id="29cd052" data-element_type="section" data-settings="{&quot;stretch_section&quot;:&quot;section-stretched&quot;}">
						<div class="elementor-container elementor-column-gap-default">
					<div class="elementor-column elementor-col-100 elementor-top-column elementor-element elementor-element-92e3ce3" data-id="92e3ce3" data-element_type="column">
			<div class="elementor-widget-wrap elementor-element-populated">
						<div class="elementor-element elementor-element-0158a2c elementor-widget elementor-widget-spacer" data-id="0158a2c" data-element_type="widget" data-widget_type="spacer.default">
				<div class="elementor-widget-container">
					<div class="elementor-spacer">
			<div class="elementor-spacer-inner"></div>
		</div>
				</div>
				</div>
				<section class="elementor-section elementor-inner-section elementor-element elementor-element-efbbeea elementor-section-boxed elementor-section-height-default elementor-section-height-default" data-id="efbbeea" data-element_type="section">
						<div class="elementor-container elementor-column-gap-default">
					<div class="elementor-column elementor-col-50 elementor-inner-column elementor-element elementor-element-f16c651" data-id="f16c651" data-element_type="column">
			<div class="elementor-widget-wrap elementor-element-populated">
						<div class="elementor-element elementor-element-663027f elementor-widget elementor-widget-text-editor" data-id="663027f" data-element_type="widget" data-widget_type="text-editor.default">
				<div class="elementor-widget-container">
							<p>Seleccione fecha de su preferencia para agendar su clase gratis:</p><p>[booked-calendar calendar=176]</p><p> </p><p>Para participar de nuestra Semana de Talleres gratuitos del Lunes 20 al Viernes 24 de Febrero selecciona los días que desees participar.<br />Lunes 20: Experimento científico<br />Martes 21: Arte y Reciclaje<br />Miércoles 22: Expresión Corporal<br />Jueves: Cuenta Cuentos<br />Viernes: Cocina Divertida!!<br /><br />Te esperamos!</p>						</div>
				</div>
					</div>
		</div>
				<div class="elementor-column elementor-col-50 elementor-inner-column elementor-element elementor-element-6d0e32e" data-id="6d0e32e" data-element_type="column">
			<div class="elementor-widget-wrap elementor-element-populated">
						<div class="elementor-element elementor-element-7b03a17 elementor-widget elementor-widget-image" data-id="7b03a17" data-element_type="widget" data-widget_type="image.default">
				<div class="elementor-widget-container">
													<img fetchpriority="high" decoding="async" width="576" height="1024" src="https://jardininfantilonline.cl/wp-content/uploads/2023/01/jio-summer-gratis-576x1024.png" class="attachment-large size-large wp-image-26895" alt="" srcset="https://jardininfantilonline.cl/wp-content/uploads/2023/01/jio-summer-gratis-576x1024.png 576w, https://jardininfantilonline.cl/wp-content/uploads/2023/01/jio-summer-gratis-600x1067.png 600w, https://jardininfantilonline.cl/wp-content/uploads/2023/01/jio-summer-gratis-169x300.png 169w, https://jardininfantilonline.cl/wp-content/uploads/2023/01/jio-summer-gratis-768x1365.png 768w, https://jardininfantilonline.cl/wp-content/uploads/2023/01/jio-summer-gratis-864x1536.png 864w, https://jardininfantilonline.cl/wp-content/uploads/2023/01/jio-summer-gratis.png 1080w" sizes="(max-width: 576px) 100vw, 576px" />													</div>
				</div>
					</div>
		</div>
					</div>
		</section>
					</div>
		</div>
					</div>
		</section>
				</div>

<p>Seleccione fecha de su preferencia para agendar su clase gratis: [booked-calendar calendar=176] Para participar de nuestra Semana de Talleres gratuitos del Lunes 20 al Viernes 24 de Febrero selecciona los días que desees participar. Lunes 20: Experimento científico Martes 21: Arte y Reciclaje Miércoles 22: Expresión Corporal Jueves: Cuenta Cuentos Viernes: Cocina Divertida!! Te esperamos!</p>
