{"id":3,"date":"2020-04-30T00:42:39","date_gmt":"2020-04-30T00:42:39","guid":{"rendered":"http:\/\/jardininfantilonline.cl\/?page_id=3"},"modified":"2023-10-12T22:11:52","modified_gmt":"2023-10-13T02:11:52","slug":"privacy-policy","status":"publish","type":"page","link":"https:\/\/jardininfantilonline.cl\/index.php\/privacy-policy\/","title":{"rendered":"Pol\u00edtica de privacidad"},"content":{"rendered":"\n<h2 class=\"wp-block-heading\">I.&nbsp;OBJETIVO<\/h2>\n\n\n\n<p>El objetivo de esta pol\u00edtica es informarte respecto del tratamiento de la informaci\u00f3n y datos personales que recogemos a trav\u00e9s de la suscripci\u00f3n de contratos, plataformas y sistemas computacionales de Jardin Infantil Online.<\/p>\n\n\n\n<h2 class=\"wp-block-heading\">II. \u00bfQUIEN ES EL RESPONSABLE DEL TRATAMIENTO DE TUS DATOS?<\/h2>\n\n\n\n<p>El responsable del tratamiento de sus datos es Jardin Infantil Online, por cuanto tiene facultades para definir los fines y medios del tratamiento de tus datos personales. <\/p>\n\n\n\n<h2 class=\"wp-block-heading\">III.&nbsp;&nbsp;&nbsp; \u00bfCU\u00c1L ES LA BASE DE LICITUD CON LA QUE TRATAMOS TUS DATOS?<\/h2>\n\n\n\n<p>La base de licitud para el tratamiento de tus datos personales ser\u00e1, por regla general, el consentimiento expreso y escrito que has otorgado en la suscripci\u00f3n del contrato de prestaci\u00f3n de servicios y\/o a trav\u00e9s de la p\u00e1gina web de   Jardin Infantil Online. La autorizaci\u00f3n que nos otorgas para tratar tus datos personales se extiende estrictamente a los prop\u00f3sitos y condiciones explicados en esta Pol\u00edtica.<\/p>\n\n\n\n<h2 class=\"wp-block-heading\">IV.&nbsp;&nbsp;&nbsp;&nbsp; \u00bfCU\u00c1LES DATOS PERSONALES TRATAMOS?<\/h2>\n\n\n\n<p>Los datos personales que trataremos son los siguientes:<\/p>\n\n\n\n<ol class=\"wp-block-list\" type=\"a\"><li>Informaci\u00f3n personal de car\u00e1cter general.<\/li><li>Datos personales financieros entregados en la modalidad de pago.<\/li><li>Datos que se proporcionen mediante el env\u00edo de formularios establecidos en la p\u00e1gina web.<\/li><li>Informaci\u00f3n recopilada a trav\u00e9s de la operaci\u00f3n de&nbsp;<em>cookies<\/em>.<\/li><li>Informaci\u00f3n recopilada legalmente de fuentes accesibles al p\u00fablico o cuyo tratamiento sea autorizado por ley.&nbsp;<\/li><\/ol>\n\n\n\n<h2 class=\"wp-block-heading\">V.&nbsp; \u00bfCON QUIENES SE COMPARTIRAN TUS DATOS?<\/h2>\n\n\n\n<p>Comunicamos tus datos a terceros, ubicados en Chile o en el extranjero, en los siguientes casos de conformidad a la ley N\u00b019.628 sobre protecci\u00f3n de la vida privada:<\/p>\n\n\n\n<ol class=\"wp-block-list\" type=\"1\"><li>Proveedores. Transmitiremos tus datos personales a prestadores de servicios que acceden a tu informaci\u00f3n personal con el solo objetivo de ayudarnos a prestar los servicios de despacho en caso de compra online. En todos esos casos, estos terceros tendr\u00e1n acceso a tus datos en la medida en que sea estrictamente necesario para el cumplimiento de sus funciones, los tratar\u00e1n siempre en coherencia con los prop\u00f3sitos para los cuales nosotros podemos hacer un tratamiento legal seg\u00fan las finalidades. Siempre estar\u00e1n sujetos a deberes de confidencialidad, cuidado y seguridad concordantes con la criticidad de los datos que procesan.<\/li><li>Autoridades. Comunicaremos tus datos personales a autoridades regulatorias, judiciales o administrativas para cumplir con las \u00f3rdenes que \u00e9stas puedan instruirnos, en la medida que esta informaci\u00f3n sea requerida por la ley u orden judicial o administrativa.<\/li><li>Se trate de datos estad\u00edsticos, agregados y an\u00f3nimos. Es decir, aquellos datos que no pueden vincularse o asociarse a una persona determinada, ni permitir su identificaci\u00f3n.<\/li><\/ol>\n\n\n\n<p>En caso que, mediante contrato de prestaci\u00f3n de servicios, una entidad u organismo externo a Datalaw efect\u00fae el tratamiento de datos a nombre de la empresa, se contemplar\u00e1n cl\u00e1usulas de confidencialidad y tratamiento de datos en los contratos correspondientes, de manera que bajo ninguna circunstancia puedan utilizarse los datos con una finalidad diferente a la cual fueron entregados, garantizando est\u00e1ndares adecuados de seguridad, protegiendo los datos contra el tratamiento no autorizado, p\u00e9rdida, filtraci\u00f3n, da\u00f1o o destrucci\u00f3n, aplicando para ello las medidas t\u00e9cnicas u organizativas que sean necesarias.<\/p>\n\n\n\n<h2 class=\"wp-block-heading\">VI.&nbsp;&nbsp; \u00bfPOR CU\u00c1NTO TIEMPO SE CONSERVAN LOS DATOS?<\/h2>\n\n\n\n<p>Tus datos ser\u00e1n conservados por el per\u00edodo estrictamente requerido para cumplir con los prop\u00f3sitos del servicio, el cu\u00e1l puede ser de 1 a 3 a\u00f1os, salvo que la ley nos obligue a retenerlos por un per\u00edodo superior. En cualquier caso, no los almacenaremos por un plazo superior al plazo de prescripci\u00f3n de las acciones legales que puedan derivar de su uso.<\/p>\n\n\n\n<p>En los casos en que se pretenda realizar un tratamiento distinto de lo indicado, dejaremos registro expl\u00edcito de tu consentimiento.<\/p>\n\n\n\n<ul class=\"wp-block-list\"><li><strong>\u00bfCU\u00c1LES SON TUS DERECHOS COMO TITULAR DE DATOS PERSONALES?<\/strong><\/li><\/ul>\n\n\n\n<p>A ti en cuanto titular de datos personales te corresponden los derechos reconocidos por la ley N\u00ba 19.628, los cuales son respetados y honrados por Jardin Infantil Online. Puntualmente, estos derechos son:<\/p>\n\n\n\n<ol class=\"wp-block-list\" type=\"a\"><li>Derecho de acceso: Tienes derecho a acceder a informaci\u00f3n sobre los datos que tratamos y:<\/li><li>El origen de los datos tratados.<\/li><li>La finalidad o finalidades del tratamiento.<\/li><li>Las categor\u00edas, clases o tipos de destinatarios de tus datos personales o la identidad de cada destinatario.<\/li><li>El per\u00edodo de tiempo durante el cual los datos ser\u00e1n tratados.<\/li><li>Los intereses leg\u00edtimos del responsable.<\/li><li>Derecho de rectificaci\u00f3n: Tienes derecho a rectificar la informaci\u00f3n tratada, cuando los datos sean inexactos, desactualizados o incompletos.<\/li><li>Derecho de cancelaci\u00f3n: Tienes derecho a solicitar y obtener que se cancele o suprima la informaci\u00f3n tratada, especialmente:<\/li><li>Cuando los datos no resulten necesarios en relaci\u00f3n con los fines del tratamiento.<\/li><li>Cuando se haya revocado el consentimiento para el tratamiento y este no tenga otro fundamento legal.<\/li><li>Cuando los datos hayan sido obtenidos o tratados il\u00edcitamente por el responsable.<\/li><li>Cuando se trate de datos caducos.<\/li><li>Cuando los datos deban suprimirse para el cumplimiento de una sentencia judicial o una obligaci\u00f3n legal, y<\/li><li>Cuando el titular haya ejercido su derecho de oposici\u00f3n de conformidad y no exista otro fundamento legal para su tratamiento.<\/li><li>Derecho de oposici\u00f3n: Tienes derecho a oponerte a que se realice un tratamiento espec\u00edfico o determinado de datos personales cuando:<\/li><li>El tratamiento afecta tus derechos y libertades fundamentales.<\/li><li>El tratamiento se realiza \u00fanicamente con fines de mercadotecnia o marketing directo de bienes, productos o servicios.<\/li><li>El tratamiento se realiza respecto de datos obtenidos de una fuente de acceso p\u00fablico y no exista otro fundamento legal para su tratamiento.<\/li><li>Derecho de bloqueo: Tienes derecho a la suspensi\u00f3n temporal de cualquier operaci\u00f3n de tratamiento de los datos almacenados cuando:<\/li><li>La exactitud de datos personales no pudo ser establecida.<\/li><li>Los datos personales presentan una vigencia dudosa.<\/li><li>Respecto de aquellos datos personales sobre los cuales no proceda el derecho de cancelaci\u00f3n.<\/li><li>Tienes derecho a no ser objeto de una decisi\u00f3n basada \u00fanicamente en el tratamiento automatizado, incluida la elaboraci\u00f3n de perfiles, que produzca efectos jur\u00eddicos o te afecte significativamente.<\/li><li>Derecho de portabilidad: Tienes derecho a solicitar y recibir una copia de tus datos personales en un formato estructurado, gen\u00e9rico y de uso com\u00fan cuando:<\/li><li>El tratamiento se realice en forma automatizada y<\/li><li>El tratamiento este basado en consentimiento del titular.<\/li><\/ol>\n\n\n\n<p>Recuerda que siempre tienes derecho a revocar los consentimientos otorgados, sin efecto retroactivo. En tal escenario, debes considerar que podemos vernos impedidos de prestarte nuestros servicios en aquellos escenarios donde el tratamiento de tus datos sea esencial para el cumplimiento de nuestras obligaciones contractuales o para la facilitaci\u00f3n de nuestros servicios.<\/p>\n\n\n\n<ul class=\"wp-block-list\"><li><strong>\u00bfC\u00d3MO PUEDES EJERCER TUS DERECHOS?<\/strong><\/li><\/ul>\n\n\n\n<p>Para ejercer tus derechos, env\u00eda un correo a <u><strong>hola@jardininfantilonline.cl<\/strong><\/u>&nbsp;indicando con tu petici\u00f3n espec\u00edfica, individualizando el derecho que deseas ejercer e indicando nombre del titular, documento que acredite la identidad y domicilio o direcci\u00f3n de correo electr\u00f3nico.<\/p>\n\n\n\n<h2 class=\"wp-block-heading\">VII.&nbsp; USO DE COOKIES<\/h2>\n\n\n\n<p>Jardin Infantil Online utilizar\u00e1&nbsp;<em>cookies<\/em>&nbsp;para recoger informaci\u00f3n, analizar modelos de tr\u00e1fico en nuestro sitio y compilar m\u00e9tricas, a fin de mejorar el contenido y facilitar el uso de los sitios, buscando personalizar tu experiencia. Por defecto, estar\u00e1n activadas s\u00f3lo las imprescindibles de funcionamiento, siendo necesario aceptar las adicionales en caso de que se desee. En todo caso, no almacenaremos tu informaci\u00f3n personal en una&nbsp;<em>cookie&nbsp;<\/em>ni tampoco podr\u00e1 asociarse a otra persona identificada o identificable.<\/p>\n\n\n\n<h2 class=\"wp-block-heading\">VIII.\u00bfC\u00d3MO CUIDAMOS SUS DATOS PERSONALES?<\/h2>\n\n\n\n<p>Nosotros trataremos tus datos personales con absoluta confidencialidad, comprometi\u00e9ndonos a guardar secreto de los mismos, adoptando todas las medidas de \u00edndole t\u00e9cnica y organizativas de seguridad adecuadas, con controles de seguridad f\u00edsicos y l\u00f3gicos, que buscan proteger tus datos personales, as\u00ed como evitar su alteraci\u00f3n, p\u00e9rdida, tratamiento o acceso no autorizado, habida cuenta del estado de la tecnolog\u00eda, la naturaleza de los datos almacenados y los riesgos a que est\u00e1n expuestos.<\/p>\n\n\n\n<p>Tus datos personales ser\u00e1n administrados y tratados por el personal de Jardin Infantil Online de manera concordante con la ley N\u00b019.628 sobre protecci\u00f3n de la vida privada , y de conformidad con las finalidades permitidas por el ordenamiento jur\u00eddico, evitando su uso indebido, alteraci\u00f3n o entrega a terceros. Sin perjuicio de lo anterior, no nos hacemos responsables del uso que puedan dar terceras personas a los datos personales entregados por sus titulares en foros o espacios p\u00fablicos.<\/p>\n\n\n\n<h2 class=\"wp-block-heading\">IX.&nbsp;MODIFICACI\u00d3N DE LA POL\u00cdTICA<\/h2>\n\n\n\n<p>Jardin Infantil Online se reserva el derecho a modificar esta Pol\u00edtica de Privacidad en cualquier momento. En ese caso se requerir\u00e1 nuevamente tu consentimiento respecto a la nueva pol\u00edtica, el cual deber\u00e1 ser libre, informado, especifico y expresarse de manera inequ\u00edvoca.<\/p>\n\n\n\n<p>Esta Pol\u00edtica de Privacidad estar\u00e1 permanentemente disponible en un lugar visible y de f\u00e1cil acceso en el sitio web de Jardin Infantil Online, as\u00ed como todas las versiones anteriores, buscando facilitar el acceso a la informaci\u00f3n de acuerdo al principio de transparencia.<\/p>\n\n\n\n<h2 class=\"wp-block-heading\">X. INCUMPLIMIENTO DE LA POL\u00cdTICA<\/h2>\n\n\n\n<p>El incumplimiento de las disposiciones de esta pol\u00edtica dar\u00e1 lugar a la responsabilidad y eventuales sanciones de conformidad a lo dispuesto en la ley N\u00b019.628.<\/p>\n\n\n\n<p>El incumplimiento por parte del personal de colaboraci\u00f3n de Jardin Infantil Online podr\u00e1 dar lugar a las medidas disciplinarias establecidas en el estatuto laboral interno de la empresa, ya sea reglamentos, protocolos u otros, pudiendo incluso dar t\u00e9rmino a la relaci\u00f3n laboral en casos graves.<\/p>\n\n\n\n<p>Trat\u00e1ndose del incumplimiento por parte de una entidad externa o empresa que administre las bases de datos de Datalaw, se estar\u00e1 a las sanciones contenidas en el respectivo contrato.<\/p>\n\n\n\n<p>Lo anterior, ser\u00e1 sin perjuicio de la responsabilidad civil que en cada caso corresponda seg\u00fan el art\u00edculo 23 de la ley N\u00b019.628.<\/p>\n","protected":false},"excerpt":{"rendered":"<p>I.&nbsp;OBJETIVO El objetivo de esta pol\u00edtica es informarte respecto del tratamiento de la informaci\u00f3n y datos personales que recogemos a trav\u00e9s de la suscripci\u00f3n de contratos, plataformas y sistemas computacionales de Jardin Infantil Online. II. \u00bfQUIEN ES EL RESPONSABLE DEL TRATAMIENTO DE TUS DATOS? El responsable del tratamiento de sus datos es Jardin Infantil Online, [&hellip;]<\/p>\n","protected":false},"author":1,"featured_media":0,"parent":0,"menu_order":0,"comment_status":"closed","ping_status":"open","template":"","meta":{"footnotes":""},"class_list":["post-3","page","type-page","status-publish","hentry"],"_links":{"self":[{"href":"https:\/\/jardininfantilonline.cl\/index.php\/wp-json\/wp\/v2\/pages\/3","targetHints":{"allow":["GET"]}}],"collection":[{"href":"https:\/\/jardininfantilonline.cl\/index.php\/wp-json\/wp\/v2\/pages"}],"about":[{"href":"https:\/\/jardininfantilonline.cl\/index.php\/wp-json\/wp\/v2\/types\/page"}],"author":[{"embeddable":true,"href":"https:\/\/jardininfantilonline.cl\/index.php\/wp-json\/wp\/v2\/users\/1"}],"replies":[{"embeddable":true,"href":"https:\/\/jardininfantilonline.cl\/index.php\/wp-json\/wp\/v2\/comments?post=3"}],"version-history":[{"count":2,"href":"https:\/\/jardininfantilonline.cl\/index.php\/wp-json\/wp\/v2\/pages\/3\/revisions"}],"predecessor-version":[{"id":29432,"href":"https:\/\/jardininfantilonline.cl\/index.php\/wp-json\/wp\/v2\/pages\/3\/revisions\/29432"}],"wp:attachment":[{"href":"https:\/\/jardininfantilonline.cl\/index.php\/wp-json\/wp\/v2\/media?parent=3"}],"curies":[{"name":"wp","href":"https:\/\/api.w.org\/{rel}","templated":true}]}}

Política de privacidad

<h2 class="wp-block-heading">I.&nbsp;OBJETIVO</h2>



<p>El objetivo de esta política es informarte respecto del tratamiento de la información y datos personales que recogemos a través de la suscripción de contratos, plataformas y sistemas computacionales de Jardin Infantil Online.</p>



<h2 class="wp-block-heading">II. ¿QUIEN ES EL RESPONSABLE DEL TRATAMIENTO DE TUS DATOS?</h2>



<p>El responsable del tratamiento de sus datos es Jardin Infantil Online, por cuanto tiene facultades para definir los fines y medios del tratamiento de tus datos personales. </p>



<h2 class="wp-block-heading">III.&nbsp;&nbsp;&nbsp; ¿CUÁL ES LA BASE DE LICITUD CON LA QUE TRATAMOS TUS DATOS?</h2>



<p>La base de licitud para el tratamiento de tus datos personales será, por regla general, el consentimiento expreso y escrito que has otorgado en la suscripción del contrato de prestación de servicios y/o a través de la página web de   Jardin Infantil Online. La autorización que nos otorgas para tratar tus datos personales se extiende estrictamente a los propósitos y condiciones explicados en esta Política.</p>



<h2 class="wp-block-heading">IV.&nbsp;&nbsp;&nbsp;&nbsp; ¿CUÁLES DATOS PERSONALES TRATAMOS?</h2>



<p>Los datos personales que trataremos son los siguientes:</p>



<ol class="wp-block-list" type="a"><li>Información personal de carácter general.</li><li>Datos personales financieros entregados en la modalidad de pago.</li><li>Datos que se proporcionen mediante el envío de formularios establecidos en la página web.</li><li>Información recopilada a través de la operación de&nbsp;<em>cookies</em>.</li><li>Información recopilada legalmente de fuentes accesibles al público o cuyo tratamiento sea autorizado por ley.&nbsp;</li></ol>



<h2 class="wp-block-heading">V.&nbsp; ¿CON QUIENES SE COMPARTIRAN TUS DATOS?</h2>



<p>Comunicamos tus datos a terceros, ubicados en Chile o en el extranjero, en los siguientes casos de conformidad a la ley N°19.628 sobre protección de la vida privada:</p>



<ol class="wp-block-list" type="1"><li>Proveedores. Transmitiremos tus datos personales a prestadores de servicios que acceden a tu información personal con el solo objetivo de ayudarnos a prestar los servicios de despacho en caso de compra online. En todos esos casos, estos terceros tendrán acceso a tus datos en la medida en que sea estrictamente necesario para el cumplimiento de sus funciones, los tratarán siempre en coherencia con los propósitos para los cuales nosotros podemos hacer un tratamiento legal según las finalidades. Siempre estarán sujetos a deberes de confidencialidad, cuidado y seguridad concordantes con la criticidad de los datos que procesan.</li><li>Autoridades. Comunicaremos tus datos personales a autoridades regulatorias, judiciales o administrativas para cumplir con las órdenes que éstas puedan instruirnos, en la medida que esta información sea requerida por la ley u orden judicial o administrativa.</li><li>Se trate de datos estadísticos, agregados y anónimos. Es decir, aquellos datos que no pueden vincularse o asociarse a una persona determinada, ni permitir su identificación.</li></ol>



<p>En caso que, mediante contrato de prestación de servicios, una entidad u organismo externo a Datalaw efectúe el tratamiento de datos a nombre de la empresa, se contemplarán cláusulas de confidencialidad y tratamiento de datos en los contratos correspondientes, de manera que bajo ninguna circunstancia puedan utilizarse los datos con una finalidad diferente a la cual fueron entregados, garantizando estándares adecuados de seguridad, protegiendo los datos contra el tratamiento no autorizado, pérdida, filtración, daño o destrucción, aplicando para ello las medidas técnicas u organizativas que sean necesarias.</p>



<h2 class="wp-block-heading">VI.&nbsp;&nbsp; ¿POR CUÁNTO TIEMPO SE CONSERVAN LOS DATOS?</h2>



<p>Tus datos serán conservados por el período estrictamente requerido para cumplir con los propósitos del servicio, el cuál puede ser de 1 a 3 años, salvo que la ley nos obligue a retenerlos por un período superior. En cualquier caso, no los almacenaremos por un plazo superior al plazo de prescripción de las acciones legales que puedan derivar de su uso.</p>



<p>En los casos en que se pretenda realizar un tratamiento distinto de lo indicado, dejaremos registro explícito de tu consentimiento.</p>



<ul class="wp-block-list"><li><strong>¿CUÁLES SON TUS DERECHOS COMO TITULAR DE DATOS PERSONALES?</strong></li></ul>



<p>A ti en cuanto titular de datos personales te corresponden los derechos reconocidos por la ley Nº 19.628, los cuales son respetados y honrados por Jardin Infantil Online. Puntualmente, estos derechos son:</p>



<ol class="wp-block-list" type="a"><li>Derecho de acceso: Tienes derecho a acceder a información sobre los datos que tratamos y:</li><li>El origen de los datos tratados.</li><li>La finalidad o finalidades del tratamiento.</li><li>Las categorías, clases o tipos de destinatarios de tus datos personales o la identidad de cada destinatario.</li><li>El período de tiempo durante el cual los datos serán tratados.</li><li>Los intereses legítimos del responsable.</li><li>Derecho de rectificación: Tienes derecho a rectificar la información tratada, cuando los datos sean inexactos, desactualizados o incompletos.</li><li>Derecho de cancelación: Tienes derecho a solicitar y obtener que se cancele o suprima la información tratada, especialmente:</li><li>Cuando los datos no resulten necesarios en relación con los fines del tratamiento.</li><li>Cuando se haya revocado el consentimiento para el tratamiento y este no tenga otro fundamento legal.</li><li>Cuando los datos hayan sido obtenidos o tratados ilícitamente por el responsable.</li><li>Cuando se trate de datos caducos.</li><li>Cuando los datos deban suprimirse para el cumplimiento de una sentencia judicial o una obligación legal, y</li><li>Cuando el titular haya ejercido su derecho de oposición de conformidad y no exista otro fundamento legal para su tratamiento.</li><li>Derecho de oposición: Tienes derecho a oponerte a que se realice un tratamiento específico o determinado de datos personales cuando:</li><li>El tratamiento afecta tus derechos y libertades fundamentales.</li><li>El tratamiento se realiza únicamente con fines de mercadotecnia o marketing directo de bienes, productos o servicios.</li><li>El tratamiento se realiza respecto de datos obtenidos de una fuente de acceso público y no exista otro fundamento legal para su tratamiento.</li><li>Derecho de bloqueo: Tienes derecho a la suspensión temporal de cualquier operación de tratamiento de los datos almacenados cuando:</li><li>La exactitud de datos personales no pudo ser establecida.</li><li>Los datos personales presentan una vigencia dudosa.</li><li>Respecto de aquellos datos personales sobre los cuales no proceda el derecho de cancelación.</li><li>Tienes derecho a no ser objeto de una decisión basada únicamente en el tratamiento automatizado, incluida la elaboración de perfiles, que produzca efectos jurídicos o te afecte significativamente.</li><li>Derecho de portabilidad: Tienes derecho a solicitar y recibir una copia de tus datos personales en un formato estructurado, genérico y de uso común cuando:</li><li>El tratamiento se realice en forma automatizada y</li><li>El tratamiento este basado en consentimiento del titular.</li></ol>



<p>Recuerda que siempre tienes derecho a revocar los consentimientos otorgados, sin efecto retroactivo. En tal escenario, debes considerar que podemos vernos impedidos de prestarte nuestros servicios en aquellos escenarios donde el tratamiento de tus datos sea esencial para el cumplimiento de nuestras obligaciones contractuales o para la facilitación de nuestros servicios.</p>



<ul class="wp-block-list"><li><strong>¿CÓMO PUEDES EJERCER TUS DERECHOS?</strong></li></ul>



<p>Para ejercer tus derechos, envía un correo a <u><strong>hola@jardininfantilonline.cl</strong></u>&nbsp;indicando con tu petición específica, individualizando el derecho que deseas ejercer e indicando nombre del titular, documento que acredite la identidad y domicilio o dirección de correo electrónico.</p>



<h2 class="wp-block-heading">VII.&nbsp; USO DE COOKIES</h2>



<p>Jardin Infantil Online utilizará&nbsp;<em>cookies</em>&nbsp;para recoger información, analizar modelos de tráfico en nuestro sitio y compilar métricas, a fin de mejorar el contenido y facilitar el uso de los sitios, buscando personalizar tu experiencia. Por defecto, estarán activadas sólo las imprescindibles de funcionamiento, siendo necesario aceptar las adicionales en caso de que se desee. En todo caso, no almacenaremos tu información personal en una&nbsp;<em>cookie&nbsp;</em>ni tampoco podrá asociarse a otra persona identificada o identificable.</p>



<h2 class="wp-block-heading">VIII.¿CÓMO CUIDAMOS SUS DATOS PERSONALES?</h2>



<p>Nosotros trataremos tus datos personales con absoluta confidencialidad, comprometiéndonos a guardar secreto de los mismos, adoptando todas las medidas de índole técnica y organizativas de seguridad adecuadas, con controles de seguridad físicos y lógicos, que buscan proteger tus datos personales, así como evitar su alteración, pérdida, tratamiento o acceso no autorizado, habida cuenta del estado de la tecnología, la naturaleza de los datos almacenados y los riesgos a que están expuestos.</p>



<p>Tus datos personales serán administrados y tratados por el personal de Jardin Infantil Online de manera concordante con la ley N°19.628 sobre protección de la vida privada , y de conformidad con las finalidades permitidas por el ordenamiento jurídico, evitando su uso indebido, alteración o entrega a terceros. Sin perjuicio de lo anterior, no nos hacemos responsables del uso que puedan dar terceras personas a los datos personales entregados por sus titulares en foros o espacios públicos.</p>



<h2 class="wp-block-heading">IX.&nbsp;MODIFICACIÓN DE LA POLÍTICA</h2>



<p>Jardin Infantil Online se reserva el derecho a modificar esta Política de Privacidad en cualquier momento. En ese caso se requerirá nuevamente tu consentimiento respecto a la nueva política, el cual deberá ser libre, informado, especifico y expresarse de manera inequívoca.</p>



<p>Esta Política de Privacidad estará permanentemente disponible en un lugar visible y de fácil acceso en el sitio web de Jardin Infantil Online, así como todas las versiones anteriores, buscando facilitar el acceso a la información de acuerdo al principio de transparencia.</p>



<h2 class="wp-block-heading">X. INCUMPLIMIENTO DE LA POLÍTICA</h2>



<p>El incumplimiento de las disposiciones de esta política dará lugar a la responsabilidad y eventuales sanciones de conformidad a lo dispuesto en la ley N°19.628.</p>



<p>El incumplimiento por parte del personal de colaboración de Jardin Infantil Online podrá dar lugar a las medidas disciplinarias establecidas en el estatuto laboral interno de la empresa, ya sea reglamentos, protocolos u otros, pudiendo incluso dar término a la relación laboral en casos graves.</p>



<p>Tratándose del incumplimiento por parte de una entidad externa o empresa que administre las bases de datos de Datalaw, se estará a las sanciones contenidas en el respectivo contrato.</p>



<p>Lo anterior, será sin perjuicio de la responsabilidad civil que en cada caso corresponda según el artículo 23 de la ley N°19.628.</p>

<p>I.&nbsp;OBJETIVO El objetivo de esta política es informarte respecto del tratamiento de la información y datos personales que recogemos a través de la suscripción de contratos, plataformas y sistemas computacionales de Jardin Infantil Online. II. ¿QUIEN ES EL RESPONSABLE DEL TRATAMIENTO DE TUS DATOS? El responsable del tratamiento de sus datos es Jardin Infantil Online, [&hellip;]</p>
