{"id":23540,"date":"2022-05-03T18:42:26","date_gmt":"2022-05-03T22:42:26","guid":{"rendered":"https:\/\/jardininfantilonline.cl\/?page_id=23540"},"modified":"2022-05-04T16:54:02","modified_gmt":"2022-05-04T20:54:02","slug":"inscripcion-curso-lengua-mapuche","status":"publish","type":"page","link":"https:\/\/jardininfantilonline.cl\/index.php\/inscripcion-curso-lengua-mapuche\/","title":{"rendered":"Inscripci\u00f3n Curso Lengua Mapuche"},"content":{"rendered":"\t\t<div data-elementor-type=\"wp-page\" data-elementor-id=\"23540\" class=\"elementor elementor-23540\" data-elementor-post-type=\"page\">\n\t\t\t\t\t\t<section class=\"elementor-section elementor-top-section elementor-element elementor-element-68605b2 elementor-section-stretched elementor-section-boxed elementor-section-height-default elementor-section-height-default\" data-id=\"68605b2\" data-element_type=\"section\" data-settings=\"{&quot;stretch_section&quot;:&quot;section-stretched&quot;}\">\n\t\t\t\t\t\t<div class=\"elementor-container elementor-column-gap-extended\">\n\t\t\t\t\t<div class=\"elementor-column elementor-col-100 elementor-top-column elementor-element elementor-element-9c9f1a8\" data-id=\"9c9f1a8\" data-element_type=\"column\">\n\t\t\t<div class=\"elementor-widget-wrap elementor-element-populated\">\n\t\t\t\t\t\t<section class=\"elementor-section elementor-inner-section elementor-element elementor-element-eff59e3 elementor-section-boxed elementor-section-height-default elementor-section-height-default\" data-id=\"eff59e3\" data-element_type=\"section\">\n\t\t\t\t\t\t<div class=\"elementor-container elementor-column-gap-default\">\n\t\t\t\t\t<div class=\"elementor-column elementor-col-50 elementor-inner-column elementor-element elementor-element-8733ede\" data-id=\"8733ede\" data-element_type=\"column\">\n\t\t\t<div class=\"elementor-widget-wrap elementor-element-populated\">\n\t\t\t\t\t\t<div class=\"elementor-element elementor-element-a9c7fa4 elementor-widget elementor-widget-heading\" data-id=\"a9c7fa4\" data-element_type=\"widget\" data-widget_type=\"heading.default\">\n\t\t\t\t<div class=\"elementor-widget-container\">\n\t\t\t<h2 class=\"elementor-heading-title elementor-size-default\">Curso de mapudung\u00fan<\/h2>\t\t<\/div>\n\t\t\t\t<\/div>\n\t\t\t\t<div class=\"elementor-element elementor-element-f54abe1 elementor-widget elementor-widget-text-editor\" data-id=\"f54abe1\" data-element_type=\"widget\" data-widget_type=\"text-editor.default\">\n\t\t\t\t<div class=\"elementor-widget-container\">\n\t\t\t\t\t\t\t<div>\n<p class=\"p1\">El curso busca ense\u00f1ar la legua mapuche \u00abmapudung\u00fan\u00bb a trav\u00e9s de cuentos, leyendas y actividades de arte y m\u00fasica relacionadas a la cultura mapuche enfocada en ni\u00f1os de 4 a 8 a\u00f1os. El curso es una forma inclusiva de fomentar el respeto hacia nuestros pueblos originarios.<\/p>\n<p class=\"p1\">El curso incluye:<\/p>\n<\/div>\n<ul>\n<li>6 meses de clase , 1 vez por semana de Junio a Noviembre.<\/li>\n<li>Planificaci\u00f3n detallada del curso arte, cuentos y leyendas mapuches.<\/li>\n<li>Gu\u00edas de trabajo y actividades complementarias.<\/li>\n<li>Ceremonia de cierre con certificado.<\/li>\n<\/ul>\n<div>\n<p>Curso con cupos limitados: 18 alumnos.<br>Valor de Inscripci\u00f3n: $10.000<br>Valor mensualidad: $20.000<\/p>\n<p>Plan sin L\u00edmites inscripci\u00f3n gratis y mensualidad rebajada $10.000 mensual, pagando el curso completo.<\/p>\n<p><strong>Cursos disponibles<\/strong><\/p>\n<p>Sala Rayen &#8211; Inicio S\u00e1bado 4 de Junio<br>Todos los s\u00e1bados &#8211; 10:00 am (hora de Chile)<br>Imparte educadora: Paloma Lorenzo<\/p>\n<\/div>\t\t\t\t\t\t<\/div>\n\t\t\t\t<\/div>\n\t\t\t\t\t<\/div>\n\t\t<\/div>\n\t\t\t\t<div class=\"elementor-column elementor-col-50 elementor-inner-column elementor-element elementor-element-79eca82\" data-id=\"79eca82\" data-element_type=\"column\">\n\t\t\t<div class=\"elementor-widget-wrap elementor-element-populated\">\n\t\t\t\t\t\t<div class=\"elementor-element elementor-element-0780eb2 elementor-widget elementor-widget-image\" data-id=\"0780eb2\" data-element_type=\"widget\" data-widget_type=\"image.default\">\n\t\t\t\t<div class=\"elementor-widget-container\">\n\t\t\t\t\t\t\t\t\t\t\t\t\t<img fetchpriority=\"high\" decoding=\"async\" width=\"800\" height=\"518\" src=\"https:\/\/jardininfantilonline.cl\/wp-content\/uploads\/2022\/05\/curso-jio-mapudungun-1024x663.png\" class=\"attachment-large size-large wp-image-23543\" alt=\"\" srcset=\"https:\/\/jardininfantilonline.cl\/wp-content\/uploads\/2022\/05\/curso-jio-mapudungun-1024x663.png 1024w, https:\/\/jardininfantilonline.cl\/wp-content\/uploads\/2022\/05\/curso-jio-mapudungun-600x388.png 600w, https:\/\/jardininfantilonline.cl\/wp-content\/uploads\/2022\/05\/curso-jio-mapudungun-300x194.png 300w, https:\/\/jardininfantilonline.cl\/wp-content\/uploads\/2022\/05\/curso-jio-mapudungun-768x497.png 768w, https:\/\/jardininfantilonline.cl\/wp-content\/uploads\/2022\/05\/curso-jio-mapudungun.png 1211w\" sizes=\"(max-width: 800px) 100vw, 800px\" \/>\t\t\t\t\t\t\t\t\t\t\t\t\t<\/div>\n\t\t\t\t<\/div>\n\t\t\t\t<div class=\"elementor-element elementor-element-87aeca9 elementor-align-center elementor-widget elementor-widget-button\" data-id=\"87aeca9\" data-element_type=\"widget\" data-widget_type=\"button.default\">\n\t\t\t\t<div class=\"elementor-widget-container\">\n\t\t\t\t\t<div class=\"elementor-button-wrapper\">\n\t\t\t<a class=\"elementor-button elementor-button-link elementor-size-sm\" href=\"https:\/\/jardininfantilonline.cl\/wp-content\/uploads\/2022\/05\/Planificacion-curso-lengua-mapuche.pdf\">\n\t\t\t\t\t\t<span class=\"elementor-button-content-wrapper\">\n\t\t\t\t\t\t<span class=\"elementor-button-icon elementor-align-icon-left\">\n\t\t\t\t<i aria-hidden=\"true\" class=\"fas fa-file-pdf\"><\/i>\t\t\t<\/span>\n\t\t\t\t\t\t<span class=\"elementor-button-text\">Descargar planificaci\u00f3n anual del Curso<\/span>\n\t\t<\/span>\n\t\t\t\t\t<\/a>\n\t\t<\/div>\n\t\t\t\t<\/div>\n\t\t\t\t<\/div>\n\t\t\t\t\t<\/div>\n\t\t<\/div>\n\t\t\t\t\t<\/div>\n\t\t<\/section>\n\t\t\t\t\t<\/div>\n\t\t<\/div>\n\t\t\t\t\t<\/div>\n\t\t<\/section>\n\t\t\t\t<section class=\"elementor-section elementor-top-section elementor-element elementor-element-ec47054 elementor-section-stretched elementor-section-boxed elementor-section-height-default elementor-section-height-default\" data-id=\"ec47054\" data-element_type=\"section\" data-settings=\"{&quot;stretch_section&quot;:&quot;section-stretched&quot;,&quot;background_background&quot;:&quot;classic&quot;}\">\n\t\t\t\t\t\t<div class=\"elementor-container elementor-column-gap-default\">\n\t\t\t\t\t<div class=\"elementor-column elementor-col-100 elementor-top-column elementor-element elementor-element-845e50a\" data-id=\"845e50a\" data-element_type=\"column\">\n\t\t\t<div class=\"elementor-widget-wrap elementor-element-populated\">\n\t\t\t\t\t\t<div class=\"elementor-element elementor-element-2992368 elementor-widget elementor-widget-heading\" data-id=\"2992368\" data-element_type=\"widget\" data-widget_type=\"heading.default\">\n\t\t\t\t<div class=\"elementor-widget-container\">\n\t\t\t<h2 class=\"elementor-heading-title elementor-size-default\">Formulario de Inscripci\u00f3n<\/h2>\t\t<\/div>\n\t\t\t\t<\/div>\n\t\t\t\t<div class=\"elementor-element elementor-element-8d525b8 elementor-widget elementor-widget-text-editor\" data-id=\"8d525b8\" data-element_type=\"widget\" data-widget_type=\"text-editor.default\">\n\t\t\t\t<div class=\"elementor-widget-container\">\n\t\t\t\t\t\t\t<p>Paso 1: Realice su Inscripci\u00f3n al Curso.<\/p>\t\t\t\t\t\t<\/div>\n\t\t\t\t<\/div>\n\t\t\t\t<div class=\"elementor-element elementor-element-90c60de elementor-widget elementor-widget-shortcode\" data-id=\"90c60de\" data-element_type=\"widget\" data-widget_type=\"shortcode.default\">\n\t\t\t\t<div class=\"elementor-widget-container\">\n\t\t\t\t\t<div class=\"elementor-shortcode\">[ninja_form id='13']<\/div>\n\t\t\t\t<\/div>\n\t\t\t\t<\/div>\n\t\t\t\t\t<\/div>\n\t\t<\/div>\n\t\t\t\t\t<\/div>\n\t\t<\/section>\n\t\t\t\t<\/div>\n\t\t","protected":false},"excerpt":{"rendered":"<p>Curso de mapudung\u00fan El curso busca ense\u00f1ar la legua mapuche \u00abmapudung\u00fan\u00bb a trav\u00e9s de cuentos, leyendas y actividades de arte y m\u00fasica relacionadas a la cultura mapuche enfocada en ni\u00f1os de 4 a 8 a\u00f1os. El curso es una forma inclusiva de fomentar el respeto hacia nuestros pueblos originarios. El curso incluye: 6 meses de [&hellip;]<\/p>\n","protected":false},"author":1,"featured_media":0,"parent":0,"menu_order":0,"comment_status":"closed","ping_status":"closed","template":"elementor_theme","meta":{"footnotes":""},"class_list":["post-23540","page","type-page","status-publish","hentry"],"_links":{"self":[{"href":"https:\/\/jardininfantilonline.cl\/index.php\/wp-json\/wp\/v2\/pages\/23540","targetHints":{"allow":["GET"]}}],"collection":[{"href":"https:\/\/jardininfantilonline.cl\/index.php\/wp-json\/wp\/v2\/pages"}],"about":[{"href":"https:\/\/jardininfantilonline.cl\/index.php\/wp-json\/wp\/v2\/types\/page"}],"author":[{"embeddable":true,"href":"https:\/\/jardininfantilonline.cl\/index.php\/wp-json\/wp\/v2\/users\/1"}],"replies":[{"embeddable":true,"href":"https:\/\/jardininfantilonline.cl\/index.php\/wp-json\/wp\/v2\/comments?post=23540"}],"version-history":[{"count":13,"href":"https:\/\/jardininfantilonline.cl\/index.php\/wp-json\/wp\/v2\/pages\/23540\/revisions"}],"predecessor-version":[{"id":23590,"href":"https:\/\/jardininfantilonline.cl\/index.php\/wp-json\/wp\/v2\/pages\/23540\/revisions\/23590"}],"wp:attachment":[{"href":"https:\/\/jardininfantilonline.cl\/index.php\/wp-json\/wp\/v2\/media?parent=23540"}],"curies":[{"name":"wp","href":"https:\/\/api.w.org\/{rel}","templated":true}]}}